*a + 2. Let v be j(-2). Let i(w) = -6 - 11*w - 4*w + 10*w. What is the units digit of i(v)?
4
Suppose 4163 = 2*p - p + 2*i, -15 = 3*i. What is the hundreds digit of p?
1
Let i = 809 - 567. What is the tens digit of i?
4
Let o(n) be the second derivative of n**4/12 + n**3/2 - 2*n. Let c be o(-4). Suppose c*m = 87 + 53. What is the tens digit of m?
3
Suppose 0 = -3*t + 4*r + 415, -5*t + 707 = 6*r - 5*r. Let k be 0 + 1 + 2 + 1. Suppose 1 = -k*p + t. What is the units digit of p?
5
Let s(j) = j - 13. Let i be s(15). Suppose 3*d - 5 = -i*d, 5*m + 2*d - 647 = 0. What is the units digit of m?
9
Suppose -265 = 3*t + 2*j, 2*j - 358 = 4*t + 7*j. Let l = t - -88. What is the units digit of l?
1
Let x(y) = -37*y + 59. Let i be x(15). Let f = -305 - i. What is the hundreds digit of f?
1
Let m(x) be the second derivative of x**4/2 - x**3/6 - 12*x**2 - 8*x. What is the tens digit of m(-6)?
9
Let p(x) = 54*x + 6. Let a(z) = z + 1. Let i(s) = -4*a(s) + p(s). What is the units digit of i(2)?
2
Let u(x) = -3*x**2 + 18*x + 24. What is the units digit of u(7)?
3
Let r(i) = i**2 + i + 1163. What is the units digit of r(0)?
3
Let s be 30889/(-255) - (-2)/15. Let y = s - -442. What is the tens digit of y?
2
Let o(x) = 2*x**2 + 11*x + 16. What is the units digit of o(12)?
6
Let t = 81 - 81. Suppose t = -7*l + 327 + 268. What is the tens digit of l?
8
Let s(v) = 10*v + 8. Let g(l) = -l**3 - 13*l**2 + 14*l + 4. Let c be g(-14). Suppose -q + 24 = c*a + 2*q, 0 = -3*q. What is the units digit of s(a)?
8
Let n be ((-70)/8)/((-1)/(-4)). Let v(p) = 2*p**3 - 28*p**2 + 8*p - 116. Let c be v(14). What is the tens digit of c/8 - n/2?
1
Let t be 2/(-6) + 6811/21. Suppose 3*z + t = 6*z. What is the tens digit of z?
0
Let m(o) = -8*o**3 + 2*o**2 - 2*o - 5. Let f(h) = -h**3 + 1. Let a(l) = -4*f(l) - m(l). What is the units digit of a(2)?
3
Let m(r) = 7*r**2 - 38*r - 15. What is the hundreds digit of m(10)?
3
Let t(w) = -2*w**3 - 4*w**2 + 17*w + 75. What is the units digit of t(-14)?
1
Let w be (49 - -1)/((-6)/(-3) + 0). Suppose f - 141 - w = 0. What is the tens digit of f?
6
What is the units digit of 2 + 2 + -3 + 80?
1
Suppose 4 + 5 = -2*f - 5*w, 0 = 5*f - 3*w - 24. Suppose f*u - 3*x = -0*u - 111, 5 = -x. Let c = u - -60. What is the units digit of c?
8
Suppose -2*c + f + 1377 = -c, -4*c = 5*f - 5472. What is the hundreds digit of c?
3
Let o = 2745 + -1242. What is the tens digit of o?
0
What is the units digit of ((-12)/11)/2 - (-107104)/176?
8
Let p = -15 + 103. Let f = p - -100. What is the hundreds digit of f?
1
Let l = 68 + -68. Suppose l = 2*o, -3*j + 246 = o - 450. What is the tens digit of j?
3
Let h be 174 - (0/(-1) - 3). Let c = h - -25. What is the units digit of c?
2
Let w(u) = 2*u + 4. Let c be w(-2). Suppose c = -3*a + 5*k + 89, 3*k + 13 = a - 2*k. What is the tens digit of a?
3
Let l = 181 - 163. Suppose 12*u + 990 = l*u. What is the hundreds digit of u?
1
Let w(b) = 76*b**2 - 6*b - 1. What is the hundreds digit of w(5)?
8
Suppose 6*o - 504 = -o. Let c = o + -60. What is the tens digit of c?
1
Suppose -5*u = r - 0*r - 27, -5*r - 15 = -5*u. Let w = u - 14. What is the tens digit of (-276)/(-27) + 2/w?
1
Suppose 0 = -5*j + 9 + 16. Suppose v = f - 9, -3*f - j = -0*v + v. Let m(t) = -t**3 - 9*t**2 - 13*t - 12. What is the units digit of m(v)?
8
Suppose 10 = 5*i, b - i = 23 + 60. Let f = -23 + b. What is the units digit of f?
2
Let j = 333 + 1373. What is the hundreds digit of j?
7
Suppose b + 6*b = -217. Let i = -20 - b. What is the tens digit of i?
1
Let x(n) = 2*n - 11. Let g be x(9). Let k = g - -9. Suppose -k = -3*d + 110. What is the tens digit of d?
4
Suppose -4*b + 1272 = -388. Suppose p - r = 92, -b = -5*p - 5*r + r. What is the tens digit of p?
8
Let x be 14/10 - -2*(-2)/10. What is the units digit of 4 - x/(-3)*3?
5
Suppose 90*z + 55596 = 131*z. What is the units digit of z?
6
Let l(g) be the third derivative of 7*g**4/24 - 25*g**3/6 + 11*g**2. What is the tens digit of l(6)?
1
Let a = 6 + -3. Suppose 4*k + 2*c - 10 - 12 = 0, 20 = a*k + 5*c. Suppose 5*y = -h - 3*h + 205, y + 278 = k*h. What is the tens digit of h?
5
Let c = -180 - -33. What is the tens digit of ((-174)/(-7)*1)/((-21)/c)?
7
Let f(q) = q**2 + 13*q + 4. Let n be f(-13). Suppose -10 = -x - n*w, 0*x + 2*w - 4 = -x. Let o(g) = -6*g**3 + 3*g**2 + 4*g + 3. What is the tens digit of o(x)?
5
Suppose 4*d - 13561 = 1267. Suppose -14*l = -843 - d. What is the tens digit of l?
2
Let t = -407 - -416. What is the units digit of t?
9
Suppose -3 = 3*i - 9. Suppose -2 = z + 6*d - 7*d, 2*z + 9 = 3*d. Suppose 4*m = -z*g + 34 + 54, -i*m = -4*g + 88. What is the tens digit of g?
2
Let a = -24 - -66. Let n = -2 + a. What is the units digit of n?
0
Let q be -8*((-7)/(-2) + -2). Let a = 9 + q. What is the units digit of (a/(-4))/((-9)/(-72))?
6
Suppose 7*m - 22683 = 4890. What is the units digit of m?
9
Let p = -470 + 1355. What is the units digit of p?
5
Let h(p) = -p**3 + 6*p**2 + 6*p + 3. Let q be h(7). Let v(t) = -3*t**3 - 6*t**2 - 5*t - 2. What is the tens digit of v(q)?
1
Let p = 4 + -2. Let u be (1/p)/(1/4). Suppose -105 = -3*v - u*v - g, -71 = -3*v + g. What is the tens digit of v?
2
Suppose -c - 5 = -0*c. What is the units digit of 0 - -111 - (-1 - c)?
7
Suppose 0 = 2*r - 4*r + 310. Let t = r + -109. What is the tens digit of t?
4
Let r = 31 + -17. Suppose -11*f - 114 = -r*f. What is the units digit of f?
8
Let u = -3 - -3. Suppose -19 = -3*b + 2. Suppose 2*h - 11 + b = u. What is the units digit of h?
2
Let n(j) = j**3 + 2*j - 6. Let p be n(0). Let o(u) be the third derivative of u**6/120 + 7*u**5/60 + 5*u**4/24 - 2*u**2. What is the units digit of o(p)?
6
Let y(t) be the first derivative of 55*t**2/2 - t + 38. What is the tens digit of y(1)?
5
Let m(k) = k**2 + 8*k + 1. Let t(a) = 10*a + 2. Let d be t(-1). What is the units digit of m(d)?
1
Let o = 1892 + -692. What is the tens digit of o?
0
Suppose 2*y - 19 = -11. Suppose -4*t = y*k - 102 + 10, 3*t - k = 81. What is the units digit of t?
6
Suppose 5*z = 2*v - 834, -5*z = 31*v - 32*v + 412. What is the hundreds digit of v?
4
Let u = 23 + 45. Suppose 0 = -4*c - 2*q - 3*q + u, 2*c - 48 = q. What is the units digit of c?
2
Suppose -5*u = -0*u - 10. Let g(o) = -3*o**2 + 4*o + 6*o - 8*o + 4*o**2 - u. What is the tens digit of g(4)?
2
Suppose -s + 3*h = 19, 14*h - 13*h = 4. Suppose 4*c - 2 = -0*c + 2*w, -5*c + 2*w = -4. What is the units digit of c/1 - 238/s?
6
Let h = -4233 - -7381. What is the thousands digit of h?
3
Let k = 821 + 2497. What is the units digit of k?
8
Let o be (-10 + 2)*1028/(-16). Let y be 4/24 + o/12. Let a = y - 24. What is the units digit of a?
9
Suppose -i = -20 + 7. Suppose 7*b - i*b = -294. What is the tens digit of b?
4
Let u(n) = -2*n + 2*n - 6*n + 55 + 0*n. What is the units digit of u(-29)?
9
Suppose -3*h = 198 + 72. Let n = h + 129. What is the tens digit of n?
3
What is the thousands digit of -69*(-10)/(-2)*(-57)/19?
1
Let r(n) = 10*n**2 - 3*n - 4. Let l(u) = -11*u**2 + 4*u + 4. Let x(h) = 4*l(h) + 5*r(h). Let c be x(-4). What is the units digit of (c/(-6))/(4/(-6))?
2
Suppose 0 = -3*r - 16 + 55. Suppose 4*h - r = 11. What is the units digit of h*(1 + -2)/(-1)?
6
Let z be -3 + 186/3*1. Suppose -4*q + 48 = 5*s - 6*q, 3*q = 4*s - 44. Suppose 133 + z = s*f. What is the units digit of f?
4
Let r(p) = 17*p**2 - 226*p - 19. What is the tens digit of r(19)?
2
Suppose 2*d + z - 1362 = 0, d + 2*z = 370 + 308. What is the tens digit of d?
8
Let n(v) = 2*v**2 + 11*v + 23. Let r be n(-16). Suppose z + 2*z - r = 2*p, 3*z - 5*p - 362 = 0. What is the tens digit of z?
1
Suppose 0 = -6*i + 7*i. Suppose -40*r + 39*r + 85 = i. What is the tens digit of r?
8
Suppose 3*j = -2 + 17. Suppose 0 = -6*m + 7*m - j. What is the units digit of m?
5
Suppose 3*u + 0 - 4 = 2*o, -12 = -4*u + o. Suppose 0 = -u*k + 3*f + 28, 0*f = 5*k + 5*f - 70. What is the units digit of k?
0
Let c = -865 + 1457. What is the tens digit of c?
9
Suppose 31 = h + 28. Let y = -22 + 22. Suppose -i - h + 15 = y. What is the tens digit of i?
1
Suppose 0 = 6*o - 10*o. Suppose o = -2*t + 4. Let s = 2 + t. What is the units digit of s?
4
Let t = -2 + 4. Suppose -20*f = -17*f - 135. Suppose 2*l + t*l - f = -3*u, -4*l + 34 = 2*u. What is the tens digit of u?
1
Suppose 4400 = 13*a - 2529. W